{"id":711,"date":"2016-06-01T14:53:19","date_gmt":"2016-06-01T17:53:19","guid":{"rendered":"http:\/\/satya.com.br\/?page_id=711"},"modified":"2021-02-11T11:50:38","modified_gmt":"2021-02-11T14:50:38","slug":"quem-somos","status":"publish","type":"page","link":"https:\/\/satya.com.br\/?page_id=711&lang=pt","title":{"rendered":"Quem Somos?"},"content":{"rendered":"<div class=\"row row-edge  \" >\n<div class=\"col-md-12\">\n<p align=\"justify\">A<strong> Satya Sistemas<\/strong> \u00e9 uma empresa do ramo de Tecnologia da Informa\u00e7\u00e3o, fundada em 2008, que nasceu com uma grande experi\u00eancia na \u00e1rea de ger\u00eancia de dados. Inicialmente os sistemas desenvolvidos pela Satya Sistemas tratavam do gerenciamento de dados biol\u00f3gicos, resultantes de an\u00e1lises em laborat\u00f3rios de pesquisa. Posteriormente outros conjuntos de dados foram adicionados aos sistemas contemplados pela Satya e hoje a empresa faz gerenciamento de dados de diversas naturezas. A equipe de desenvolvimento da <b>Satya Sistemas<\/b> \u00e9 composta de profissionais especializados em Ci\u00eancia da Computa\u00e7\u00e3o, em sua maioria com p\u00f3s-gradua\u00e7\u00e3o e conta com a consutoria de profissionais especialistas em suas \u00e1reas, como bi\u00f3logos, m\u00e9dicos, advogados e engenheiros. Entre os membros da equipe de desenvolvimento se encontram doutores em Ci\u00eancia da Computa\u00e7\u00e3o, Bioqu\u00edmica e Bioinform\u00e1tica, compondo uma equipe com alto grau de qualifica\u00e7\u00e3o e grande experi\u00eancia no desenvolvimento de sistemas de gerenciamento de dados.<\/p>\n<p>&nbsp;<\/p>\n<\/div>\n<\/div>\n<div class=\"row row-edge  \" >\n<div class=\"col-md-12 col-xs-offset-0 col-sm-offset-0 col-md-offset-0 col-lg-offset-0 col-xs-pull-0 col-sm-pull-0 col-md-pull-0 col-lg-pull-0 col-xs-push-0 col-sm-push-0 col-md-push-0 col-lg-push-0\">\n<div class=\"testimonials-wrap template-default\"><div class=\"testimonials-list\"><\/div><\/div>\n<\/div>\n<\/div>\n<div class=\"row row-edge  \" >\n<div class=\"col-md-12 col-xs-offset-0 col-sm-offset-0 col-md-offset-0 col-lg-offset-0 col-xs-pull-0 col-sm-pull-0 col-md-pull-0 col-lg-pull-0 col-xs-push-0 col-sm-push-0 col-md-push-0 col-lg-push-0\">\n<div class=\"row row-edge  \" >\n<div class=\"col-md-12 col-xs-offset-0 col-sm-offset-0 col-md-offset-0 col-lg-offset-0 col-xs-pull-0 col-sm-pull-0 col-md-pull-0 col-lg-pull-0 col-xs-push-0 col-sm-push-0 col-md-push-0 col-lg-push-0\">\n<div class=\"cherry-hr   hr-825\"><\/div>\n<\/div>\n<\/div>\n<div class=\"row row-edge  \" >\n<div class=\"col-md-12 col-xs-offset-0 col-sm-offset-0 col-md-offset-0 col-lg-offset-0 col-xs-pull-0 col-sm-pull-0 col-md-pull-0 col-lg-pull-0 col-xs-push-0 col-sm-push-0 col-md-push-0 col-lg-push-0\">\n\n<\/div>\n<\/div>\n<\/div>\n<\/div>\n<div class=\"row row-edge  \" >\n<div class=\"col-md-12 col-xs-offset-0 col-sm-offset-0 col-md-offset-0 col-lg-offset-0 col-xs-pull-0 col-sm-pull-0 col-md-pull-0 col-lg-pull-0 col-xs-push-0 col-sm-push-0 col-md-push-0 col-lg-push-0\">\n<div class=\"motopress-cta-obj  motopress-cta-obj-basic  style-classic\">\n<div class=\"motopress-cta motopress-cta-shape-rounded motopress-cta-style-classic motopress-need-animate motopress-cta-fullwidth motopress-cta-icon-left motopress-cta-icon-aside\" style=\"\" data-animation=\"top-to-bottom\">\n<div class=\"motopress-cta-icon-section\"><i class=\"fa fa-info-circle\" style=\"color: #ffffff; font-size: 80px;\" data-animation=\"left-to-right\"><\/i><\/div>\n<div class=\"motopress-cta-content-container motopress-cta-button-right motopress-cta-button-aside\">\n<div class=\"motopress-cta-content-section motopress-text-align-left\">\n<header class=\"motopress-cta-content-header\">\n<h2 class=\"motopress-cta-content-heading\">Fa\u00e7a Parte da Satya<\/h2>\n<\/header>\n<p class=\"motopress-cta-content-text\">A Satya \u00e9 uma empresa interessada em colaboradores inteligentes, inovadores e din\u00e2micos! Para fazer parte da nossa equipe, envie seu curr\u00edculo.<\/p>\n<\/div>\n<div class=\"motopress-button-wrap motopress-text-align-center\"><a target=\"_self\" href=\"http:\/\/satya.com.br\/?page_id=446&amp;lang=pt\" class=\"motopress-btn motopress-btn-size-large motopress-btn-icon-indent-small motopress-btn-rounded motopress-btn-color-silver\" data-animation=\"right-to-left\" ><i class=\"fa fa-file-text-o motopress-btn-icon-align-left\"><\/i><\/a><\/div>\n<\/div>\n<\/div>\n<\/div>\n<\/div>\n<\/div>\n","protected":false},"excerpt":{"rendered":"","protected":false},"author":1,"featured_media":0,"parent":0,"menu_order":0,"comment_status":"closed","ping_status":"closed","template":"","meta":{"footnotes":""},"class_list":["post-711","page","type-page","status-publish","hentry"],"_links":{"self":[{"href":"https:\/\/satya.com.br\/index.php?rest_route=\/wp\/v2\/pages\/711","targetHints":{"allow":["GET"]}}],"collection":[{"href":"https:\/\/satya.com.br\/index.php?rest_route=\/wp\/v2\/pages"}],"about":[{"href":"https:\/\/satya.com.br\/index.php?rest_route=\/wp\/v2\/types\/page"}],"author":[{"embeddable":true,"href":"https:\/\/satya.com.br\/index.php?rest_route=\/wp\/v2\/users\/1"}],"replies":[{"embeddable":true,"href":"https:\/\/satya.com.br\/index.php?rest_route=%2Fwp%2Fv2%2Fcomments&post=711"}],"version-history":[{"count":15,"href":"https:\/\/satya.com.br\/index.php?rest_route=\/wp\/v2\/pages\/711\/revisions"}],"predecessor-version":[{"id":1627,"href":"https:\/\/satya.com.br\/index.php?rest_route=\/wp\/v2\/pages\/711\/revisions\/1627"}],"wp:attachment":[{"href":"https:\/\/satya.com.br\/index.php?rest_route=%2Fwp%2Fv2%2Fmedia&parent=711"}],"curies":[{"name":"wp","href":"https:\/\/api.w.org\/{rel}","templated":true}]}}